e hundreds digit of 5235?
2
What is the units digit of 430?
0
What is the units digit of 257?
7
What is the hundreds digit of 17025?
0
What is the units digit of 1118?
8
What is the units digit of 5337?
7
What is the thousands digit of 29111?
9
What is the ten thousands digit of 83900?
8
What is the thousands digit of 14291?
4
What is the tens digit of 791?
9
What is the tens digit of 4345?
4
What is the thousands digit of 2472?
2
What is the ten thousands digit of 23612?
2
What is the hundreds digit of 19150?
1
What is the hundreds digit of 8383?
3
What is the tens digit of 21173?
7
What is the tens digit of 2094?
9
What is the thousands digit of 2184?
2
What is the units digit of 2397?
7
What is the hundreds digit of 4008?
0
What is the units digit of 2919?
9
What is the hundreds digit of 27440?
4
What is the thousands digit of 11838?
1
What is the units digit of 537?
7
What is the hundreds digit of 3366?
3
What is the thousands digit of 1757?
1
What is the hundreds digit of 9092?
0
What is the tens digit of 1074?
7
What is the ten thousands digit of 49846?
4
What is the units digit of 33422?
2
What is the units digit of 101194?
4
What is the ten thousands digit of 45956?
4
What is the ten thousands digit of 86284?
8
What is the thousands digit of 2467?
2
What is the ten thousands digit of 13467?
1
What is the units digit of 18307?
7
What is the tens digit of 2916?
1
What is the thousands digit of 17069?
7
What is the thousands digit of 51439?
1
What is the tens digit of 2205?
0
What is the units digit of 5298?
8
What is the units digit of 1500?
0
What is the units digit of 20354?
4
What is the thousands digit of 12407?
2
What is the tens digit of 1853?
5
What is the tens digit of 2637?
3
What is the thousands digit of 9005?
9
What is the thousands digit of 13898?
3
What is the units digit of 4640?
0
What is the hundreds digit of 19592?
5
What is the thousands digit of 18548?
8
What is the units digit of 5412?
2
What is the hundreds digit of 5772?
7
What is the units digit of 530?
0
What is the units digit of 12223?
3
What is the units digit of 960?
0
What is the thousands digit of 34098?
4
What is the units digit of 16889?
9
What is the hundreds digit of 618?
6
What is the thousands digit of 1092?
1
What is the tens digit of 13783?
8
What is the tens digit of 652?
5
What is the units digit of 9414?
4
What is the units digit of 381?
1
What is the units digit of 328?
8
What is the thousands digit of 1002?
1
What is the units digit of 34131?
1
What is the hundreds digit of 53422?
4
What is the thousands digit of 21240?
1
What is the tens digit of 4478?
7
What is the ten thousands digit of 90410?
9
What is the units digit of 870?
0
What is the hundreds digit of 1123?
1
What is the hundreds digit of 2252?
2
What is the tens digit of 3839?
3
What is the ten thousands digit of 63069?
6
What is the hundreds digit of 685?
6
What is the tens digit of 18589?
8
What is the units digit of 317?
7
What is the hundreds digit of 94398?
3
What is the hundreds digit of 5456?
4
What is the units digit of 4422?
2
What is the tens digit of 2590?
9
What is the units digit of 69?
9
What is the ten thousands digit of 64138?
6
What is the tens digit of 4225?
2
What is the units digit of 8485?
5
What is the tens digit of 3747?
4
What is the hundreds digit of 1444?
4
What is the tens digit of 115?
1
What is the hundreds digit of 10521?
5
What is the units digit of 40924?
4
What is the tens digit of 1080?
8
What is the tens digit of 2596?
9
What is the units digit of 10045?
5
What is the units digit of 24?
4
What is the hundreds digit of 3600?
6
What is the ten thousands digit of 25949?
2
What is the hundreds digit of 24323?
3
What is the tens digit of 4460?
6
What is the units digit of 655?
5
What is the thousands digit of 1053?
1
What is the units digit of 8633?
3
What is the thousands digit of 13880?
3
What is the tens digit of 7899?
9
What is the units digit of 35799?
9
What is the units digit of 3557?
7
What is the thousands digit of 2231?
2
What is the tens digit of 8148?
4
What is the tens digit of 1749?
4
What is the tens digit of 75?
7
What is the tens digit of 649?
4
What is the tens digit of 1920?
2
What is the thousands digit of 82274?
2
What is the thousands digit of 6459?
6
What is the units digit of 355?
5
What is the units digit of 8780?
0
What is the tens digit of 713?
1
What is the thousands digit of 9132?
9
What is the hundreds digit of 219?
2
What is the tens digit of 1596?
9
What is the hundreds digit of 9058?
0
What is the hundreds digit of 55961?
9
What is the tens digit of 4653?
5
What is the thousands digit of 7609?
7
What is the thousands digit of 1892?
1
What is the units digit of 50965?
5
What is the hundreds digit of 4451?
4
What is the thousands digit of 27811?
7
What is the units digit of 76250?
0
What is the thousands digit of 22306?
2
What is the ten thousands digit of 75665?
7
What is the hundreds digit of 407?
4
What is the ten thousands digit of 144925?
4
What is the hundreds digit of 20823?
8
What is the units digit of 4265?
5
What is the hundreds digit of 1082?
0
What is the tens digit of 13097?
9
What is the tens digit of 20968?
6
What is the units digit of 1238?
8
What is the units digit of 498?
8
What is the tens digit of 9459?
5
What is the thousands digit of 32621?
2
What is the units digit of 18902?
2
What is the thousands digit of 32294?
2
What is the thousands digit of 1522?
1
What is the thousands digit of 8927?
8
What is the thousands digit of 13125?
3
What is the units digit of 1382?
2
What is the units digit of 13618?
8
What is the tens digit of 486?
8
What is the hundreds digit of 5290?
2
What is the hundreds digit of 283?
2
What is the ten thousands digit of 19618?
1
What is the units digit of 173252?
2
What is the thousands digit of 4814?
4
What is the thousands digit of 2904?
2
What is the hundreds digit of 6650?
6
What is the hundreds digit of 1578?
5
What is the tens digit of 32005?
0
What is the hundreds digit of 872?
8
What is the units digit of 2888?
8
What is the hundreds digit of 64250?
2
What is the thousands digit of 16890?
6
What is the thousands digit of 1100?
1
What is the units digit of 551?
1
What is the units digit of 10299?
9
What is the tens digit of 44154?
5
What is the units digit of 3114?
4
What is the units digit of 13468?
8
What is the ten thousands digit of 24535?
2
What is the tens digit of 1480?
8
What is the units digit of 1283?
3
What is the ten thousands digit of 69076?
6
What is the units digit of 182011?
1
What is the thousands digit of 70326?
0
What is the tens digit of 2909?
0
What is the hundreds digit of 2761?
7
What is the tens digit of 7724?
2
What is the tens digit of 1898?
9
What is the hundreds digit of 1847?
8
What is the hundreds digit of 18279?
2
What is the hundreds digit of 972?
9
What is the hundreds digit of 6280?
2
What is the hundreds digit of 17505?
5
What is the hundreds digit of 949?
9
What is the thousands digit of 31255?
1
What is the hundreds digit of 18628?
6
What is the hundreds digit of 1129?
1
What is the tens digit of 3385?
8
What is the tens digit of 200?
0
What is the hundreds digit of 556?
5
What is the hundreds digit of 18069?
0
What is the thousands digit of 2330?
2
What is the hundreds digit of 2350?
3
What is the tens digit of 18776?
7
What is the thousands digit of 22436?
2
What is the units digit of 1397?
7
What is the thousands digit of 86283?
6
What is the units digit of 152?
2
What is the ten thousands digit of 10067?
1
What is the hundreds digit of 4326?
3
What is the units digit of 41949?
9
What is the hundreds digit of 879?
8
What is the ten thousands digit of 26044?
2
What is the tens digit of 8414?
1
What is the thousands digit of 10470?
0
What is the thousands digit of 1337?
1
What is the tens digit of 4305?
0
What is the thousands digit of 21756?
1
What is the hundreds digit of 11350?
3
What is the tens digit of 22961?
6
What is the thousands digit of 23782?
3
What is the thousands digit of 12375?
2
What is the units digit of 1183?
3
What is the tens digit of 8643?
4
What is the units digit of 1111?
1
What is the units digit of 9033?
3
What is the thousands digit of 1522?
1
What is the hundreds digit of 3381?
3
What is the units digit